{"id":996,"date":"2023-01-04T12:37:57","date_gmt":"2023-01-04T12:37:57","guid":{"rendered":"https:\/\/scope-future.de\/index.php\/home\/"},"modified":"2025-05-05T14:46:13","modified_gmt":"2025-05-05T14:46:13","slug":"home","status":"publish","type":"page","link":"https:\/\/scope-future.de\/","title":{"rendered":"Home"},"content":{"rendered":"\n<div class=\"wp-block-uagb-container uagb-block-099e563c alignfull uagb-is-root-container\"><div class=\"uagb-container-inner-blocks-wrap\">\n<div class=\"wp-block-uagb-container uagb-block-6df17db4\">\n<h1 class=\"wp-block-heading\">Nachhaltigkeit &#8211;<br>Etwas Leichter gemacht<\/h1>\n\n\n\n<h4 class=\"wp-block-heading\">Nachhaltige Entwicklung als integrierte Managementaufgabe verstehen, Standards als Anleitung nutzen<\/h4>\n<\/div>\n\n\n\n<div class=\"wp-block-uagb-container uagb-block-d8c000fa\">\n<figure class=\"wp-block-image size-large\"><img loading=\"lazy\" decoding=\"async\" width=\"1024\" height=\"1024\" src=\"https:\/\/scope-future.de\/wp-content\/uploads\/2023\/03\/unhappyearth-1024x1024.png\" alt=\"\" class=\"wp-image-1230\" srcset=\"https:\/\/scope-future.de\/wp-content\/uploads\/2023\/03\/unhappyearth.png 1024w, https:\/\/scope-future.de\/wp-content\/uploads\/2023\/03\/unhappyearth-300x300.png 300w, https:\/\/scope-future.de\/wp-content\/uploads\/2023\/03\/unhappyearth-150x150.png 150w, https:\/\/scope-future.de\/wp-content\/uploads\/2023\/03\/unhappyearth-768x768.png 768w\" sizes=\"auto, (max-width: 1024px) 100vw, 1024px\" \/><\/figure>\n<\/div>\n<\/div><\/div>\n\n\n\n<div class=\"wp-block-uagb-container uagb-block-76804043 alignfull uagb-is-root-container\"><div class=\"uagb-container-inner-blocks-wrap\">\n<div class=\"wp-block-uagb-container uagb-block-f803d71a\">\n<figure class=\"wp-block-image size-large\"><img loading=\"lazy\" decoding=\"async\" width=\"1024\" height=\"1024\" src=\"https:\/\/scope-future.de\/wp-content\/uploads\/2023\/03\/windpower-1024x1024.png\" alt=\"\" class=\"wp-image-1229\" srcset=\"https:\/\/scope-future.de\/wp-content\/uploads\/2023\/03\/windpower.png 1024w, https:\/\/scope-future.de\/wp-content\/uploads\/2023\/03\/windpower-300x300.png 300w, https:\/\/scope-future.de\/wp-content\/uploads\/2023\/03\/windpower-150x150.png 150w, https:\/\/scope-future.de\/wp-content\/uploads\/2023\/03\/windpower-768x768.png 768w\" sizes=\"auto, (max-width: 1024px) 100vw, 1024px\" \/><\/figure>\n<\/div>\n\n\n\n<div class=\"wp-block-uagb-container uagb-block-a8e5639f\">\n<h2 class=\"wp-block-heading\">CSRD, Omnibus, Stop the Clock, ISO 53001<\/h2>\n\n\n\n<p>Die erweiterte Offenlegungspflichten nach CSRD und den mitgeltenden ESRS werden in der Wirtschaft als weitere unn\u00f6tige B\u00fcrokratie der EU diskutiert. <\/p>\n\n\n\n<p>Mit der aktuellen Omnibus und Stop the Clock Verordnung soll die \u00fcberbordende B\u00fcrokratie gemildert werden.<\/p>\n\n\n\n<p>Dabei bringen die Richtlinien endlich eine abgestimmte Ordnung in die un\u00fcbersichtliche Menge and Ver\u00f6ffentlichungen, Standards, Initiativen, Richtlinien und Meinungen zu Nachhaltigkeitsthemen der letzten 50 Jahre.<\/p>\n\n\n\n<p>Wir sehen die ESRS Richtlinien als Chance, auf dem Weg zur nachhaltigen Unternehmensentwicklung Wesentliches fokussiert zu erkennen und weniger Wesentliches zwar zu betrachten, aber anders zu priorisieren.<\/p>\n\n\n\n<p>Alternativ unterst\u00fctzen wir Sie gerne, um Ihr Managementsystem mit der neu entstehenden ISO 53001 weiter zu entwickeln zu einem SDG Nachhaltigkeitsmanagementsystem. Dies kann dann auch zertifiziert werden.<\/p>\n<\/div>\n<\/div><\/div>\n\n\n\n<div class=\"inherit-container-width wp-block-group alignfull is-layout-constrained wp-block-group-is-layout-constrained\" style=\"margin-top:var(--wp--preset--spacing--80);margin-bottom:var(--wp--preset--spacing--40)\">\n<h5 class=\"wp-block-heading has-text-align-center\">Fokussieren Sie sich auf Ihre Ziele<\/h5>\n\n\n\n<h2 class=\"wp-block-heading has-text-align-center\">Unser Modul Baukasten f\u00fcr Ihre Nachhaltige Entwicklung<\/h2>\n\n\n\n<ul style=\"margin-top:0;margin-right:0;margin-bottom:0;margin-left:0;padding-top:var(--wp--preset--spacing--60);padding-right:var(--wp--preset--spacing--60);padding-bottom:var(--wp--preset--spacing--60);padding-left:var(--wp--preset--spacing--60);font-size:17px;font-style:normal;font-weight:400\" class=\"wp-block-list has-ast-global-color-1-color has-text-color\">\n<li>Modul: Statusbestimmung<\/li>\n\n\n\n<li>Modul: Treibhausgasinventur nach ESRS E1und GHG Protocol (CCF und PCF) mit Klimarisikobewertung und Resilienzanalyse<\/li>\n\n\n\n<li>Modul: doppelte Wesentlichkeitsanalyse (Materialit\u00e4ts-Analyse) nach mit Stakeholdereinbindung (Online Tool)<\/li>\n\n\n\n<li>Modul: Entwicklung Nachhaltigkeitspolitik- und Strategie zu identifizierten wesentlichen Themen<\/li>\n\n\n\n<li>Modul: Integration der nachhaltigen Entwicklungsprozesse und -Methoden in das bestehende Managementsystem<\/li>\n\n\n\n<li>Modul: Unterst\u00fctzung bei der Definition und Umsetzung von Nachhaltigkeitsinitiativen und -Projekte<\/li>\n\n\n\n<li>Modul: Unterst\u00fctzung bei der Berichterstattung nach CSRD und ESRS und VSME<\/li>\n\n\n\n<li>Modul: Unterst\u00fctzung bei der Bef\u00fcllung von Berichtsplattformen wie CDP, SBTi, DNK usw.<\/li>\n\n\n\n<li>Modul: Weiterentwicklung des Managementsystems nach ISO 53001 zu einem SDG System<\/li>\n<\/ul>\n\n\n\n<div class=\"wp-block-buttons is-horizontal is-content-justification-center is-layout-flex wp-container-core-buttons-is-layout-03627597 wp-block-buttons-is-layout-flex\">\n<div class=\"wp-block-button is-style-fill\"><a class=\"wp-block-button__link wp-element-button\" href=\"#kontakt\">Jetzt Anfragen<\/a><\/div>\n<\/div>\n<\/div>\n\n\n\n<div class=\"inherit-container-width wp-block-group alignfull has-ast-global-color-1-background-color has-background is-layout-constrained wp-container-core-group-is-layout-29c79c94 wp-block-group-is-layout-constrained\" style=\"border-style:none;border-width:0px\">\n<div class=\"wp-block-columns alignwide is-layout-flex wp-container-core-columns-is-layout-28f84493 wp-block-columns-is-layout-flex\">\n<div class=\"wp-block-column is-vertically-aligned-center is-layout-flow wp-block-column-is-layout-flow\">\n<p class=\"has-text-align-left has-ast-global-color-1-background-color has-background has-medium-font-size\"><strong>Egal, wie weit Sie schon sind<\/strong><\/p>\n\n\n\n<p class=\"has-text-align-left\">Mit unseren Tools und Modulen k\u00f6nnen bereits bestehende Nachhaltigkeitsstrategien und -Berichte genauso auf CSRD oder ISO 53001 Tauglichkeit bewertet und optimiert werden, wie Unternehmen unterst\u00fctzt werden, die sich erst am Anfang des Weges der nachhaltigen Entwicklung befinden.<br>\u00a0<br>Damit k\u00f6nnen Sie sich auf die inhaltliche Arbeit der Projekte und Initiativen Ihres Unternehmens zur nachhaltigen und profitablen Entwicklung konzentrieren \u2013 und nicht auf die Offenlegung.<br><\/p>\n<\/div>\n\n\n\n<div class=\"wp-block-column is-vertically-aligned-center is-layout-flow wp-block-column-is-layout-flow\">\n<div class=\"wp-block-buttons is-content-justification-center is-layout-flex wp-container-core-buttons-is-layout-a89b3969 wp-block-buttons-is-layout-flex\">\n<div class=\"wp-block-button is-style-fill\"><a class=\"wp-block-button__link has-ast-global-color-3-color has-ast-global-color-0-background-color has-text-color has-background wp-element-button\" href=\"#kontakt\">Fragen Sie uns!<\/a><\/div>\n<\/div>\n<\/div>\n\n\n\n<div class=\"wp-block-column is-vertically-aligned-center is-layout-flow wp-block-column-is-layout-flow\">\n<p class=\"has-text-align-right has-ast-global-color-1-background-color has-background has-medium-font-size\"><strong>Standardisiert und Digital<\/strong><\/p>\n\n\n\n<p class=\"has-text-align-right\">Alle Beratungs-Module und Leistungen werden m\u00f6glichst standardisiert und digital unterst\u00fctzt durch eigenentwickelte Apps wie z.B. dem CSRD Status Assessor, Wesentlichkeitsbewerter,  ESRD Selektor,  Ma\u00dfnahmenManager und Berichtsgenerator.<\/p>\n\n\n\n<p class=\"has-text-align-right\">Zus\u00e4tzlich werden bereits bestehende Apps anderer Dienstleister eingebunden, z.B. f\u00fcr die CO<sub>2<\/sub> Bilanzierung bzw. Treibhausgas-Inventur<\/p>\n\n\n\n<p class=\"has-text-align-right\">Dabei wird eine st\u00e4ndig wachsende Datenbank an standardisierten Prozesse, z.B. f\u00fcr den Due Dilligence Prozess, aufgebaut und genutzt.<br>&nbsp;<br>Ziel ist es, dass Sie alle Apps und Datenbanken auch eigenst\u00e4ndig auf unserem Portal nutzen k\u00f6nnen.<br><\/p>\n<\/div>\n<\/div>\n<\/div>\n\n\n\n<div class=\"inherit-container-width wp-block-group alignfull is-layout-constrained wp-block-group-is-layout-constrained\">\n<div class=\"wp-block-columns alignwide is-layout-flex wp-container-core-columns-is-layout-28f84493 wp-block-columns-is-layout-flex\">\n<div class=\"wp-block-column is-layout-flow wp-block-column-is-layout-flow\">\n<h2 class=\"wp-block-heading\" style=\"font-size:68px\"><strong>Das Meiste ist schon da.<br><\/strong><\/h2>\n<\/div>\n\n\n\n<div class=\"wp-block-column is-layout-flow wp-block-column-is-layout-flow\">\n<p>Die Nachhaltigkeitsstandards wie CSRD oder ISO 53001 greifen viele Themen auf, die bereits in der Vergangenheit durch verantwortungsvolle Unternehmer ohnehin angewandt wurden.<br>Senkung der Ressourcenverbr\u00e4uche wie Energie, Wasser, Abf\u00e4lle und sorgf\u00e4ltiger Umgang mit Mitarbeitern sind keine neuen Erfindungen der nachhaltigen Entwicklung.<br><br><\/p>\n<\/div>\n\n\n\n<div class=\"wp-block-column is-layout-flow wp-block-column-is-layout-flow\">\n<p>Managementsysteme nach ISO9001, 14001, 50001, 45001 usw. sind schon lange gut eingef\u00fchrt in den Unternehmen. Damit sind viele notwendige Informationen bereits vorhanden.<\/p>\n\n\n\n<p>Durch die Integration der Nachhaltigkeits- Regelungen in die vorhandenen Managementsysteme und Nutzung vorhandener Daten k\u00f6nnen Sie schnell und mit geringem Aufwand die notwendigen Themen offenlegen.<\/p>\n\n\n\n<p>Nutzen Sie das, was Sie schon erreicht haben und machen es sichtbar.<\/p>\n<\/div>\n<\/div>\n<\/div>\n\n\n\n<div class=\"inherit-container-width wp-block-group is-layout-constrained wp-block-group-is-layout-constrained\"><\/div>\n\n\n\n<div class=\"inherit-container-width wp-block-group alignfull has-ast-global-color-1-background-color has-background is-layout-constrained wp-block-group-is-layout-constrained\" id=\"kontakt\">\n<div class=\"wp-block-columns alignwide are-vertically-aligned-center is-layout-flex wp-container-core-columns-is-layout-28f84493 wp-block-columns-is-layout-flex\">\n<div class=\"wp-block-column is-vertically-aligned-center is-layout-flow wp-block-column-is-layout-flow\" style=\"flex-basis:50%\">\n<div class=\"inherit-container-width wp-block-group is-layout-constrained wp-block-group-is-layout-constrained\">\n<h2 class=\"wp-block-heading has-ast-global-color-3-color has-text-color\">Kontakt<\/h2>\n\n\n\n<h4 class=\"wp-block-heading has-ast-global-color-3-color has-text-color\"><strong>Adresse<\/strong><\/h4>\n\n\n\n<p class=\"has-ast-global-color-3-color has-text-color\">Heinrich-Nauen-Stra\u00dfe 6<br>41470 Neuss<\/p>\n\n\n\n<h4 class=\"wp-block-heading has-ast-global-color-3-color has-text-color\"><strong>Email<\/strong><\/h4>\n\n\n\n<p class=\"has-ast-global-color-3-color has-text-color\"><a href=\"mailto:hallo@scope-future.de\">hallo@scope-future.de<\/a><\/p>\n\n\n\n<h4 class=\"wp-block-heading has-ast-global-color-3-color has-text-color\"><strong>Telefon<\/strong><\/h4>\n\n\n\n<p class=\"has-ast-global-color-3-color has-text-color\">02137 7939065<\/p>\n<\/div>\n<\/div>\n\n\n\n<div class=\"wp-block-column is-vertically-aligned-center contact-wrapper has-ast-global-color-0-background-color has-background is-layout-flow wp-block-column-is-layout-flow\" style=\"padding-top:var(--wp--preset--spacing--50);padding-right:var(--wp--preset--spacing--50);padding-bottom:var(--wp--preset--spacing--50);padding-left:var(--wp--preset--spacing--50);flex-basis:50%\">\n<div class=\"inherit-container-width wp-block-group is-layout-constrained wp-block-group-is-layout-constrained\">\n<div class=\"wpforms-container \" id=\"wpforms-1206\"><form id=\"wpforms-form-1206\" class=\"wpforms-validate wpforms-form\" data-formid=\"1206\" method=\"post\" enctype=\"multipart\/form-data\" action=\"\/index.php\/wp-json\/wp\/v2\/pages\/996\" data-token=\"5f9593dcc075dd0f267b44021f33c5bd\"><noscript class=\"wpforms-error-noscript\">Bitte aktiviere JavaScript in deinem Browser, um dieses Formular fertigzustellen.<\/noscript><div class=\"wpforms-field-container\"><div id=\"wpforms-1206-field_0-container\" class=\"wpforms-field wpforms-field-name\" data-field-id=\"0\"><label class=\"wpforms-field-label wpforms-label-hide\" for=\"wpforms-1206-field_0\">Name <span class=\"wpforms-required-label\">*<\/span><\/label><input type=\"text\" id=\"wpforms-1206-field_0\" class=\"wpforms-field-large wpforms-field-required\" name=\"wpforms[fields][0]\" placeholder=\"Name\" required><\/div><div id=\"wpforms-1206-field_1-container\" class=\"wpforms-field wpforms-field-email\" data-field-id=\"1\"><label class=\"wpforms-field-label wpforms-label-hide\" for=\"wpforms-1206-field_1\">Email <span class=\"wpforms-required-label\">*<\/span><\/label><input type=\"email\" id=\"wpforms-1206-field_1\" class=\"wpforms-field-large wpforms-field-required\" name=\"wpforms[fields][1]\" placeholder=\"Email\" required><\/div><div id=\"wpforms-1206-field_2-container\" class=\"wpforms-field wpforms-field-textarea\" data-field-id=\"2\"><label class=\"wpforms-field-label wpforms-label-hide\" for=\"wpforms-1206-field_2\">Nachricht <span class=\"wpforms-required-label\">*<\/span><\/label><textarea id=\"wpforms-1206-field_2\" class=\"wpforms-field-medium wpforms-field-required\" name=\"wpforms[fields][2]\" placeholder=\"Message\" required><\/textarea><\/div><\/div><div class=\"wpforms-field wpforms-field-hp\"><label for=\"wpforms-1206-field-hp\" class=\"wpforms-field-label\">Comment<\/label><input type=\"text\" name=\"wpforms[hp]\" id=\"wpforms-1206-field-hp\" class=\"wpforms-field-medium\"><\/div><div class=\"wpforms-submit-container\"><input type=\"hidden\" name=\"wpforms[id]\" value=\"1206\"><input type=\"hidden\" name=\"wpforms[author]\" value=\"2\"><button type=\"submit\" name=\"wpforms[submit]\" id=\"wpforms-submit-1206\" class=\"wpforms-submit\" data-alt-text=\"Wird gesendet...\" data-submit-text=\"Abschicken\" aria-live=\"assertive\" value=\"wpforms-submit\">Abschicken<\/button><\/div><\/form><\/div>  <!-- .wpforms-container -->\n<\/div>\n<\/div>\n<\/div>\n<\/div>\n\n\n\n<div class=\"inherit-container-width wp-block-group alignfull is-layout-constrained wp-block-group-is-layout-constrained\" style=\"margin-top:var(--wp--preset--spacing--80);margin-bottom:var(--wp--preset--spacing--40)\">\n<h5 class=\"wp-block-heading has-text-align-center\">F\u00fcr mehr Infos<\/h5>\n\n\n\n<h2 class=\"wp-block-heading has-text-align-center\">USCHi CSR-Portal<\/h2>\n\n\n\n<figure class=\"wp-block-image aligncenter size-full is-resized\"><img decoding=\"async\" src=\"https:\/\/scope-future.de\/wp-content\/uploads\/2024\/10\/logo-horizontal.svg\" alt=\"\" class=\"wp-image-1314\" style=\"width:302px;height:auto\"\/><\/figure>\n\n\n\n<div class=\"wp-block-buttons is-horizontal is-content-justification-center is-layout-flex wp-container-core-buttons-is-layout-03627597 wp-block-buttons-is-layout-flex\">\n<div class=\"wp-block-button is-style-fill\"><a class=\"wp-block-button__link wp-element-button\" href=\"https:\/\/uschi-csr-portal.de\/#registrieren\">Jetzt Registrieren<\/a><\/div>\n<\/div>\n<\/div>\n","protected":false},"excerpt":{"rendered":"<p>Nachhaltigkeit &#8211;Etwas Leichter gemacht Nachhaltige Entwicklung als integrierte Managementaufgabe verstehen, Standards als Anleitung nutzen CSRD, Omnibus, Stop the Clock, ISO 53001 Die erweiterte Offenlegungspflichten nach CSRD und den mitgeltenden ESRS werden in der Wirtschaft als weitere unn\u00f6tige B\u00fcrokratie der EU diskutiert. Mit der aktuellen Omnibus und Stop the Clock Verordnung soll die \u00fcberbordende B\u00fcrokratie gemildert &hellip;<\/p>\n<p class=\"read-more\"> <a class=\"\" href=\"https:\/\/scope-future.de\/\"> <span class=\"screen-reader-text\">Home<\/span> Weiterlesen &raquo;<\/a><\/p>\n","protected":false},"author":2,"featured_media":0,"parent":0,"menu_order":0,"comment_status":"closed","ping_status":"closed","template":"","meta":{"_uag_custom_page_level_css":"","site-sidebar-layout":"no-sidebar","site-content-layout":"page-builder","ast-global-header-display":"","ast-main-header-display":"","ast-hfb-above-header-display":"","ast-hfb-below-header-display":"","ast-hfb-mobile-header-display":"","site-post-title":"disabled","ast-breadcrumbs-content":"","ast-featured-img":"","footer-sml-layout":"","theme-transparent-header-meta":"enabled","adv-header-id-meta":"","stick-header-meta":"","header-above-stick-meta":"","header-main-stick-meta":"","header-below-stick-meta":"","footnotes":""},"class_list":["post-996","page","type-page","status-publish","hentry"],"uagb_featured_image_src":{"full":false,"thumbnail":false,"medium":false,"medium_large":false,"large":false,"1536x1536":false,"2048x2048":false},"uagb_author_info":{"display_name":"Tjark D\u00f6nni","author_link":"https:\/\/scope-future.de\/index.php\/author\/tjark-doenni\/"},"uagb_comment_info":0,"uagb_excerpt":"Nachhaltigkeit &#8211;Etwas Leichter gemacht Nachhaltige Entwicklung als integrierte Managementaufgabe verstehen, Standards als Anleitung nutzen CSRD, Omnibus, Stop the Clock, ISO 53001 Die erweiterte Offenlegungspflichten nach CSRD und den mitgeltenden ESRS werden in der Wirtschaft als weitere unn\u00f6tige B\u00fcrokratie der EU diskutiert. Mit der aktuellen Omnibus und Stop the Clock Verordnung soll die \u00fcberbordende B\u00fcrokratie gemildert&hellip;","_links":{"self":[{"href":"https:\/\/scope-future.de\/index.php\/wp-json\/wp\/v2\/pages\/996","targetHints":{"allow":["GET"]}}],"collection":[{"href":"https:\/\/scope-future.de\/index.php\/wp-json\/wp\/v2\/pages"}],"about":[{"href":"https:\/\/scope-future.de\/index.php\/wp-json\/wp\/v2\/types\/page"}],"author":[{"embeddable":true,"href":"https:\/\/scope-future.de\/index.php\/wp-json\/wp\/v2\/users\/2"}],"replies":[{"embeddable":true,"href":"https:\/\/scope-future.de\/index.php\/wp-json\/wp\/v2\/comments?post=996"}],"version-history":[{"count":61,"href":"https:\/\/scope-future.de\/index.php\/wp-json\/wp\/v2\/pages\/996\/revisions"}],"predecessor-version":[{"id":1325,"href":"https:\/\/scope-future.de\/index.php\/wp-json\/wp\/v2\/pages\/996\/revisions\/1325"}],"wp:attachment":[{"href":"https:\/\/scope-future.de\/index.php\/wp-json\/wp\/v2\/media?parent=996"}],"curies":[{"name":"wp","href":"https:\/\/api.w.org\/{rel}","templated":true}]}}